alculate d(f).
18
Let g(i) = -287*i + 1498. Let n(z) = 68*z - 375. Let q(b) = 5*g(b) + 21*n(b). Determine q(-56).
7
Let s(k) = -k**3 + 6*k**2 + 2. Let f be s(6). Suppose 3 + 1 = f*b. Suppose -j - b*j + 4 = -2*x, 2*x = 2. Let o(r) = 2*r**2 - 2*r + 2. Calculate o(j).
6
Suppose 2*q + 3*q = 0. Let l(y) be the third derivative of -y**5/60 - y**4/24 - 23*y**3/6 + 219388*y**2. Determine l(q).
-23
Let i(z) = -3*z**3 + 13*z**3 + 35 + 7*z + 8*z**2 - 9*z**3 + 29 - 66. Let x(h) = 2*h - 25. Let b = 0 - -9. Let k be x(b). Calculate i(k).
-2
Suppose -788*d - 12 = -786*d. Let r be d + 3 - -9 - 1*3. Let q(l) = -l + 5. Calculate q(r).
2
Let k(r) = 18*r**2 - 19*r + 3. Let v(d) = -5*d**2 + 6*d - 2. Let w(l) = -2*k(l) - 7*v(l). What is w(10)?
-132
Suppose -4*y = -4*h + 2180, -20*y + 24*y = 3*h - 2183. Let n = -551 - y. Let p(i) = 0 + 5 + i**2 - 2 + i. Calculate p(n).
9
Suppose 22 = -579*y + 578*y. Let t(p) = 6*p**2 + 131*p - 17. Determine t(y).
5
Let p(v) be the second derivative of -v**4/12 - 7*v**3/6 - 9*v**2/2 + v + 51. Let n = 9 + -6. Suppose -25 = n*a - 4. Calculate p(a).
-9
Let y(u) = -u**3 + 20*u**2 - 33*u - 69. Let w(z) = 8*z**2 + 203*z - 112. Let b be w(-26). What is y(b)?
-15
Let g(v) be the first derivative of -v**5/20 + v**4/12 + v**3/3 - 13*v - 38. Let r(s) be the first derivative of g(s). Let t be (3 - 6) + 3 - 2. Determine r(t).
8
Let d(r) = -18*r**2 - 7*r + 5. Let i be d(2). Let o = 83 + i. Let a(x) = -x**3 + 2*x - 1. Give a(o).
-5
Let s(y) be the first derivative of -y**3/3 + 5*y**2 - 2*y + 1. Let g be -62 + 64 + 4 + (3 - 0). Determine s(g).
7
Suppose 957 = m - 12*m. Let a = 88 + m. Let h be 1*((-1)/a - -2). Let u(v) = -5*v. Calculate u(h).
-5
Let n(d) be the third derivative of 2*d**4/3 + 47*d**3/3 + 8029*d**2. Give n(-7).
-18
Let o = 3462 + -3474. Let w(t) = t**3 + 13*t**2 + 17*t + 1. Give w(o).
-59
Let k(l) = l**2 - 3*l**2 - l**3 + 4*l - 4*l. Suppose -5*f + 2*y = -8*f + 4, -2*f + 6 = 2*y. Let d be (f/(-8))/(3/(-12)). What is k(d)?
-1
Suppose 4 + 0 = -2*a. Let p(d) be the third derivative of -d**4/24 - d**3/6 + 83*d**2. Determine p(a).
1
Let y be 12/22 + 642/(-1177). Let a(b) = 4*b - 41. Determine a(y).
-41
Let j(t) = 7*t**2 + 9*t + 14. Let c(n) = -4*n - 9. Let m be c(1). Let p(l) = 15*l**2 + 18*l + 30. Let r(d) = m*j(d) + 6*p(d). Give r(-8).
6
Let f(d) = 11*d - 31. Let v(j) = 16*j - 33. Let a(y) = -4*f(y) + 3*v(y). Calculate a(-6).
1
Let u(m) = 151*m + 1208. Let n be u(-8). Let o(t) be the second derivative of t**5/20 + 3*t**2/2 + 3*t. Determine o(n).
3
Let f be 1 + (-3)/2 - (-47)/(-94). Let a be ((0/f)/(-1))/(-2). Let x(o) = o**3 + 7. Give x(a).
7
Let v = 7786 + -7783. Let z(x) be the third derivative of x**7/5040 + x**6/360 - x**5/20 + 3*x**2. Let t(b) be the third derivative of z(b). Determine t(v).
5
Suppose -4*l - 4*d + 12 = 0, -138*l + 4*d = -137*l - 13. Let n(p) = 29*p - 140. Give n(l).
5
Suppose -283 + 275 = -4*u. Let m(v) = -v**3 + v**2 - 23*v**2 + v**u + 7 + 15*v**2. Calculate m(-6).
7
Let d(z) = 3*z - 3. Let u(w) = -7*w + 10. Let g(l) = 5*d(l) + 2*u(l). What is g(-11)?
-6
Let y(j) be the third derivative of 1/24*j**4 + 0*j - 31*j**2 + 1/60*j**5 + 1/3*j**3 + 0. Calculate y(0).
2
Let v(t) = 2*t**3 - 5*t**3 - 4*t**2 - 2*t + t**3. Let x be ((-26341)/(-265) - 99)/(1/(-5)). Determine v(x).
4
Suppose 3*f - 4*q = f - 36, -q = 4*f + 117. Let b = 26 + f. Let g(c) = -2*c**3 + 3*c**2 + c. Give g(b).
26
Let a(d) = -50*d - 1054. Let t be a(-21). Let x(n) = -n**3 + n**2 - n. Let y(u) = 7*u**3 - 3*u**2 + 4*u + 1. Let c(z) = 6*x(z) + y(z). Give c(t).
-7
Let u(c) be the second derivative of -c**5/20 - 3*c**4/4 + 43*c**3/6 + 42*c**2 - 3*c + 36. Calculate u(-12).
0
Let j(q) be the third derivative of -q**5/40 - 3*q**4/8 + 173*q**3/6 + q**2 + 26*q. Let t(i) be the first derivative of j(i). Calculate t(-5).
6
Let c = 1346 + -1339. Let t(w) = -w - 4. What is t(c)?
-11
Let k(o) be the second derivative of -o**4/12 + 11*o**3/6 - 3*o**2 - 2*o. Let s = 10681 - 10673. Give k(s).
18
Suppose 3*v = 2*v + 174. Suppose 183 - v = -n. Let i(k) = -k**2 + k + 1. Let m(o) = -4*o**2 + 12*o - 4. Let p(j) = -5*i(j) + m(j). Give p(n).
9
Let q(o) = -167 + 68 - 2*o + 4*o + 69. Give q(27).
24
Let p = 478 + -468. Let o be -1 - ((-6)/p + 672/(-80)). Let f(r) = -r**3 + 8*r**2 + r + 2. What is f(o)?
10
Suppose d + 5*z = z - 22, 5*z + 50 = -5*d. Let n(g) be the third derivative of g**5/60 + g**4/6 - 8*g**3/3 - 2*g**2 - g - 125. Determine n(d).
-4
Let m be (-2)/8 - 19/4. Let l(o) = -4*o - 9941*o**2 + 2 - 9938*o**2 - 9937*o**2 + 29815*o**2. What is l(m)?
-3
Let p be (1/(-4))/((-12 + 14)/136). Let u(o) = -2*o - 39. Determine u(p).
-5
Let r(v) = -3*v + 2 - 2. Let x(l) = -10*l. Let p = 467 - 460. Let q(w) = p*r(w) - 2*x(w). What is q(3)?
-3
Let u(x) be the second derivative of -1/2*x**2 + 1 - 2/3*x**3 - 4*x + 1/12*x**4. Calculate u(2).
-5
Let c(u) be the first derivative of u**3/3 - 11*u**2/2 + 3*u - 2487. Suppose -o + w = -15, 0*o - o + 25 = -3*w. Determine c(o).
-7
Let w(p) = 13*p + 33. Let s = -14108 + 14108. Determine w(s).
33
Let r be (4/(-10))/((-4)/60). Let d(u) = -2*u**2 + 21*u + 20. Let o be d(11). Suppose -12 = -o*n + r*n. Let h(v) = -v**3 + 4*v**2 + 3*v - 2. What is h(n)?
10
Let w(h) = 59*h**3 - 3*h - 56*h**3 - 11*h + 13*h. Let c be (-2)/4*2 - -2. Calculate w(c).
2
Let s(d) = 5248 - 1563 - 1678 - 1651 - 117*d. Give s(3).
5
Let v(z) = z**3 + 2*z**2 - 1. Let f(m) = -m**2 + 25*m - 10 - m**2 + 164 + 3*m**2. Let c be f(-13). Determine v(c).
-1
Let o = 37 - 37. Suppose -4*d + 12 = 0, o = -5*x + 2*d - 12 - 39. Let k be ((-24)/x)/(5/(-15)). Let f(l) = l + 2. Calculate f(k).
-6
Let w(r) = -3*r - 2. Let i be (-10)/((-85)/(-17)) + 3/(-1). Give w(i).
13
Let r(o) = o**2 + o + 5. Let m = -108 - -113. Suppose m = -b - 90. Let p = b + 95. Calculate r(p).
5
Let z(f) = -f**3 - f**2 + f + 8. Let o be (3/(-2))/(2475/(-820) + 3). Let m = -79 + o. Suppose -m*c = 2*c. What is z(c)?
8
Suppose -3777*u + 3842*u - 845 = 0. Let i(a) = 12*a - 105. Calculate i(u).
51
Let t(o) = -17*o - 84. Let j be t(-5). Let p(m) = m**3 + m**2 + m + 1. Let v(q) = -15*q**3 + 5*q**2 + 5*q + 6. Let c(k) = -5*p(k) + v(k). What is c(j)?
-19
Let c(q) be the third derivative of 11/24*q**4 + 1/2*q**3 - 1/15*q**5 + 0*q - 1/120*q**6 + 52*q**2 + 0. Give c(-6).
9
Let a(l) = -6 - l**2 + l**2 + 5*l**2 - 3*l**2 - l**2 - 8*l. Let s = -458 + 468. Give a(s).
14
Suppose -129*g + 122*g + 35 = 0. Let f(s) = 7*s**2 + 6*s + 3. Let n(k) = 3*k**2 + 3*k + 1. Let d(m) = g*n(m) - 2*f(m). Calculate d(2).
9
Let m be ((-5)/(-2) + -3)*8 + 1. Let z be 5*2 - (m + 3). Let o(v) = -v + 12. Calculate o(z).
2
Let o(i) = -30327*i + 30333*i - 62 - 9. Give o(13).
7
Let p(i) = 3*i + 4*i**3 + 10*i**3 - 563*i**2 - 12*i**3 - 8*i + 552*i**2 - 21. Calculate p(6).
-15
Let v(o) = o**3 - 10*o**2 + 34*o - 35. Let m(a) = -4*a + 1. Let z(q) = -9*m(q) - v(q). Give z(11).
-73
Let n = -8 - -16. Suppose 6*s = -32 + 14, 3*p + 5*s = 0. Let j(b) = -b**3 - n*b**3 + 10*b**3 - p*b + 2 + 3 - 4*b**2. Give j(4).
-15
Let z = 38 - 34. Suppose -10 = -p - 2*t, 0 = z*p + 5*t + 14 - 39. Let v(q) be the first derivative of -q**4/4 - q**3/3 + q**2/2 + 2*q + 1. Calculate v(p).
2
Let s(n) = 2*n - 6. Let j(k) = -2*k + 15. Let c be j(5). Let h be s(c). Let f(x) = -2*x + 4 + 2*x - 2*x + h*x. Give f(-5).
-6
Let g(k) = k**3 + 3*k**2 + 4*k + 8. Let p = 5908 - 5913. Calculate g(p).
-62
Suppose w + 3*r = -4*w + 24, r + 6 = 3*w. Suppose -o + 24 = -0*o - 3*g, w*o - 17 = -2*g. Suppose o*f + 66 = -6. Let m(c) = c**3 + 8*c**2 - 2*c - 8. Give m(f).
8
Let z(p) = 2*p - 37. Let x = 1589 - 1573. Determine z(x).
-5
Let f(k) = 4*k**2 - 3*k + 2. Let l be f(1). Suppose 0 = -4*j + 6 + 10, q + j - l = 0. Let w(v) = -328 - 5*v + 328. Give w(q).
5
Let t(h) = -h**2 + 1. Let z(g) = 4*g**2 + 2*g - 5. Let d(q) = 3*t(q) + z(q). Suppose -32*c = -35*c - 12. What is d(c)?
6
Let h(v) = 0*v**2 + 22 + v**3 + 16 - 3*v**2 - 29 - 6*v. Suppose 2*c - c - 4 = 0. Calculate h(c).
1
Suppose -12 = 3*q - 5*q. Let u(f) = -9*f + 1 + f**2 - q*f + 17*f. Suppose -4*o - 13 = -5*c, 3*o - 2 = 2*o - 4*c. What is u(o)?
1
Let y(m) = -9*m - 91. Suppose 32*g + 6406 = 6054. Calculate y(g).
8
Let p(f) = -f + 2. Suppose -2*k - s + 1 = 0, -2*k = 5*s - 15 - 6. Let u be (32/8)/((-4)/16). Let m be 2 - (u/20 - k/(-10)). What is p(m)?
-1
Let c(n) = -n + 2. Let 